 -1eb?
-205
In base 10, what is -1376 - -4?
-1372
In base 7, what is 3 - -555?
561
In base 7, what is -1 + -462?
-463
In base 13, what is -1c - -4?
-18
In base 3, what is -10 - -10201?
10121
In base 6, what is 1 + 2044?
2045
In base 5, what is -2312 - 21?
-2333
In base 16, what is -b + -34?
-3f
In base 3, what is -2 + -1?
-10
In base 11, what is -3 + 434?
431
In base 11, what is -2 + -4?
-6
In base 10, what is 198 - 7?
191
In base 8, what is -6 + 1074?
1066
In base 11, what is 31 + 36?
67
In base 7, what is -464 + -5?
-502
In base 9, what is 3 - 3514?
-3511
In base 7, what is 5 + 45?
53
In base 16, what is 8 + 4?
c
In base 5, what is -24 + -2?
-31
In base 11, what is 4 - -24?
28
In base 6, what is 1 - -1121?
1122
In base 13, what is 5 + 712?
717
In base 13, what is 4 + 115?
119
In base 11, what is 364 - -1?
365
In base 6, what is -10 - 135?
-145
In base 3, what is 220 - -10?
1000
In base 8, what is -14 - 61?
-75
In base 10, what is 3 + -7?
-4
In base 9, what is 725 - -14?
740
In base 2, what is 101101 + -110?
100111
In base 13, what is -2a + 3?
-27
In base 11, what is -3 - 107?
-10a
In base 12, what is -1 + bb?
ba
In base 3, what is -101112 + -22?
-101211
In base 6, what is -245 - -34?
-211
In base 13, what is -5 - 508?
-510
In base 16, what is b + -d?
-2
In base 12, what is -66 + 87?
21
In base 2, what is -111101 + 11?
-111010
In base 14, what is 5 + 28?
2d
In base 5, what is 4131 - -3?
4134
In base 14, what is -289a + 4?
-2896
In base 3, what is -1021 + 20?
-1001
In base 2, what is -11 + -1101?
-10000
In base 6, what is -435 - -13?
-422
In base 8, what is -16 + -27?
-45
In base 14, what is 10 + 286?
296
In base 9, what is 16 - 106?
-80
In base 3, what is -1 - 101220?
-101221
In base 6, what is -14 + 515?
501
In base 13, what is 11 + -c7?
-b6
In base 15, what is 4 - -3a3?
3a7
In base 8, what is -1751 - -1?
-1750
In base 11, what is -26 - -6?
-20
In base 8, what is 5 + -11322?
-11315
In base 9, what is -5 - 457?
-463
In base 15, what is -30 - 214?
-244
In base 6, what is -33 + 20?
-13
In base 16, what is -cf + -6?
-d5
In base 12, what is -14 - -10?
-4
In base 15, what is -6 + 4e0?
4d9
In base 6, what is -244 + -2?
-250
In base 4, what is 132 + 123?
321
In base 4, what is -1122 + 1201?
13
In base 16, what is 4 + 23?
27
In base 12, what is 7 + -76?
-6b
In base 14, what is 3 + 1476?
1479
In base 11, what is 2670 - -5?
2675
In base 8, what is 0 - 7201?
-7201
In base 15, what is 3 - -2b3?
2b6
In base 5, what is 2022 - -2?
2024
In base 10, what is 1 + 6?
7
In base 2, what is 100101100001 - -1?
100101100010
In base 14, what is 1 - 5?
-4
In base 16, what is -3ca - 3?
-3cd
In base 9, what is -485 + 1?
-484
In base 13, what is -5 - -12?
a
In base 9, what is 7153 + 4?
7157
In base 8, what is 2 - -5206?
5210
In base 16, what is 77 - 34?
43
In base 3, what is -11122200 - -10?
-11122120
In base 11, what is -37a8 - -5?
-37a3
In base 10, what is -13158 + -4?
-13162
In base 7, what is 2 - 100?
-65
In base 8, what is 16361 - -1?
16362
In base 15, what is -3 + 32?
2e
In base 11, what is a6 + a?
105
In base 5, what is -1 - 1210?
-1211
In base 11, what is 1110 + -2?
1109
In base 6, what is 34 - 2?
32
In base 7, what is 1 - -1463?
1464
In base 3, what is -101 - -102?
1
In base 8, what is -7 - 33?
-42
In base 14, what is -a9 - 2?
-ab
In base 7, what is 22 - -4212?
4234
In base 4, what is -1111213 - 11?
-1111230
In base 13, what is 108 + 6?
111
In base 9, what is 305 + -3?
302
In base 12, what is -1321 - -1?
-1320
In base 11, what is -5 + -149?
-153
In base 8, what is 10 - 36?
-26
In base 7, what is -5 + 104?
66
In base 6, what is 4 - 5011?
-5003
In base 13, what is -3 + -993?
-996
In base 9, what is -135 + 2?
-133
In base 7, what is -163 + 5?
-155
In base 8, what is 2 - -161?
163
In base 14, what is 16 + -6?
10
In base 8, what is 1 + -120?
-117
In base 11, what is -3 + 14a?
147
In base 4, what is 101033 - -10?
101103
In base 3, what is 10 + 101122?
101202
In base 9, what is 245 + -37?
207
In base 14, what is -2850 - -4?
-284a
In base 14, what is -5407 - 5?
-540c
In base 14, what is 73 + 4?
77
In base 11, what is -39 - -8?
-31
In base 5, what is -22101 + 10?
-22041
In base 4, what is -10332 - 121?
-11113
In base 4, what is 1203 + 11?
1220
In base 2, what is -110001 - 111?
-111000
In base 7, what is -16326 - -4?
-16322
In base 3, what is -20102 - -1?
-20101
In base 6, what is -4 + -4024?
-4032
In base 13, what is -89c - 4?
-8a3
In base 6, what is -45050 + -1?
-45051
In base 9, what is 3 + -12448?
-12445
In base 2, what is -101000100011 - -101?
-101000011110
In base 16, what is 0 - 13?
-13
In base 8, what is -2 + -1517?
-1521
In base 4, what is 3 - -221?
230
In base 9, what is 1 + -64?
-63
In base 10, what is -1 + -40?
-41
In base 14, what is -69 - -5?
-64
In base 10, what is 95 - 10?
85
In base 5, what is 10 - 104?
-44
In base 9, what is -34 + -5?
-40
In base 14, what is -5 - b79?
-b80
In base 4, what is 32 - -1113?
1211
In base 16, what is -ea5 - -1?
-ea4
In base 13, what is 6 + -6?
0
In base 16, what is 123 + 1?
124
In base 15, what is -6 - 15?
-1b
In base 2, what is 0 + -110110?
-110110
In base 12, what is 159 + -6?
153
In base 3, what is -21110 + -2?
-21112
In base 2, what is 1010100111011 + -101?
1010100110110
In base 14, what is -4 - -19?
15
In base 4, what is 33 - 100032?
-33333
In base 9, what is 2024 - -3?
2027
In base 10, what is -3 + 5648?
5645
In base 11, what is 527 + -1?
526
In base 4, what is 3210 - 2?
3202
In base 7, what is -43 - 4?
-50
In base 6, what is 1142 + 5?
1151
In base 14, what is 3 - 318?
-315
In base 16, what is -4 + f9?
f5
In base 14, what is -5 - -59?
54
In base 14, what is -2 - -275?
273
In base 2, what is 11001 - 1000101?
-101100
In base 9, what is -12 - -256?
244
In base 4, what is 12202 + -12?
12130
In base 7, what is -6 - -3?
-3
In base 12, what is 2a2 + 4?
2a6
In base 13, what is 3 + 9?
c
In base 8, what is -266 + -7?
-275
In base 16, what is 4 - 10?
-c
In base 13, what is 10 - -19b?
1ab
In base 16, what is -3 + 1869?
1866
In base 6, what is 2 - 10144?
-10142
In base 13, what is 18 + 6?
21
In base 9, what is 5 + -1?
4
In base 11, what is -16 + -8a2?
-908
In base 6, what is 4144 - -2?
4150
In base 9, what is -1452 + 4?
-1447
In base 3, what is 2 + -20011012?
-20011010
In base 6, what is 23254 + -3?
23251
In base 6, what is -345 + -1?
-350
In base 5, what is -22 - -114?
42
In base 6, what is 2 - -1152?
1154
In base 4, what is 333 - -2?
1001
In base 7, what is 6033 + 3?
6036
In base 2, what is -1 - 10000?
-10001
In base 7, what is 364 - -2?
366
In base 5, what is 0 + -2301?
-2301
In base 11, what is 11 - -1a?
30
In base 12, what is 5 - -13?
18
In base 13, what is 2b - -6?
34
In base 11, what is -278 - 0?
-278
In base 8, what is 3 + 1600?
1603
In base 2, what is 11111001010111 - 101?
11111001010010
In base 4, what is 23301 + -121?
23120
In base 16, what is -1a + -1?
-1b
In base 9, what is -120 - -132?
12
In base 12, what is 66 - 13?
53
In base 6, what is 13 + 14?
31
In base 14, what is 8 + 28?
32
In base 4, what is 232 - 323?
-31
In base 13, what is 8 + -64?
-59
In base 14, what is -13 - -20?
b
In base 11, what is 344 - 5?
33a
In base 4, what is -10 - -12222?
12212
In base 13, what is 4 - 1925?
-1921
In base 3, what is -2 + 120211?
120202
In base 7, what is 2535 - -4?
2542
In base 9, what is -128 + 7?
-121
In base 2, what is -111010 + 1000110?
1100
In base 10, what is 0 - 12?
-12
In base 12, what is b + -74?
-65
In base 16, what is -3 - -23b?
238
In base 8, what is -1344 + -3?
-1347
In base 7, what is -3 + -10?
-13
In base 16, what is fb - -1c?
117
In base 15, what is 90 + 5c?
ec
In base 4, what is -1 - -13033?
13032
In base 2, what is 101 + 1101100?
1110001
In base 10, what is 0 - 45?
-45
In base 6, what is 5010 - -44?
5054
In base 4, what is 1 + -20111?
-20110
In base 9, what is -211 + -8?
-220
In base 8, what is 12 + -106?
-74
In base 3, what is -22 - -201?
102
In base 6, what is -23 + -34?
-101
In base 4, what is -10 + -10013?
-10023
In base 12, what is 2 + 455?
457
In base 7, what is -6 + 35?
26
In base 16, what is 7f + -f?
70
In base 12, what is -92 - 1?
-93
In base 7, what is 1010 + -4?
1003
In base 11, what is 2 + 2339?
2340
In base 9, what is 20481 - 2?
20478
In base 7, what is -3 - -465?
462
In base 15, what is 1 - 1e4?
-